{"id":8024,"date":"2014-07-04T23:25:06","date_gmt":"2014-07-04T21:25:06","guid":{"rendered":"http:\/\/construction.vamtam.com\/?page_id=8024"},"modified":"2017-08-21T11:11:59","modified_gmt":"2017-08-21T09:11:59","slug":"faq","status":"publish","type":"page","link":"https:\/\/www.hospizgruppe-donau-ries.de\/?page_id=8024","title":{"rendered":"Kooperationspartner"},"content":{"rendered":"<div class=\"limit-wrapper\"><div class=\"row \"><div class=\"wpv-grid grid-1-1  wpv-first-level first unextended no-extended-padding\" style=\"padding-top:0.05px;padding-bottom:0.05px;\" id=\"wpv-column-10c1738e80fc86ab1ef7ff16e8d5209f\" ><h2>Kooperationspartner<\/h2><\/div><\/div><\/div>\n<div class=\"limit-wrapper\"><div class=\"row \"><div class=\"wpv-grid grid-1-1  wpv-first-level first unextended no-extended-padding\" style=\"padding-top:0.05px;padding-bottom:0.05px;\" id=\"wpv-column-8e263aecbe89724c71bd6f9cb5373533\" ><p>Wir kooperieren mit<\/p>\n<p><a href=\"https:\/\/www.pallicare-nordschwaben.de\/\" target=\"_blank\">SAPV \u2013Spezialisierte ambulante Palliativversorgung<\/a><br \/>\n<a href=\"https:\/\/www.pallicare-nordschwaben.de\/\"> Pallicare Nordschwaben gemeinn\u00fctzige GmbH<\/a><\/p>\n<p><a href=\"https:\/\/www.donkliniken.de\/index.php\/donkliniken\/Patienten-und-Besucher\/Abteilungen-Leistungen\/Standort-Noerdlingen\/Palliativ\" target=\"_blank\">Palliativstation am Stiftungskrankenhaus N\u00f6rdlingen<\/a><\/p>\n<p>station\u00e4ren Pflegeeinrichtungen (Altenheime)<\/p>\n<p>Kliniken<\/p>\n<p>Arztpraxen<\/p>\n<p>ambulanten Pflegediensten und Sozialstationen<\/p>\n<p>station\u00e4ren Hospizen<\/div><\/div><\/div>\n<div class=\"limit-wrapper\"><div class=\"sep\"><\/div><\/div>\n<div class=\"limit-wrapper\"><div class=\"row \"><div class=\"wpv-grid grid-1-1  wpv-first-level first unextended no-extended-padding\" style=\"padding-top:0.05px;padding-bottom:0.05px;\" id=\"wpv-column-30c8db5c30449415500c0f9cbf7285a7\" ><p>Wir legen gro\u00dfen Wert auf die Zusammenarbeit mit anderen Institutionen, die sich direkt oder indirekt der Hospizarbeit widmen. Neben Kontakten in Nord Schwaben pflegen wir den Kontakt mit \u00fcberregionalen Mitstreitern.<\/p>\n<p>Wir sind Mitglied beim <a href=\"https:\/\/www.bayerischer-hospizverband.de\/\">Bayerischen Hospiz- und Palliativverband e. V. <\/a>, welcher die Interessen der Hospizvereine\/-initiativen bzw. der palliativen Netzwerke in Bayern gegen\u00fcber Politik, Beh\u00f6rden und Verb\u00e4nden vertritt. Dieser ist wiederum Mitglied des <a href=\"https:\/\/www.dhpv.de\">Deutschen Hospiz- und Palliativ-Verbandes e. V.<\/a> (DHPV), der bundesweiten Interessenvertretung der Hospizbewegung in Deutschland. Dieser vertritt ca. 1.500 ambulante Hospizdienste , ca. 160 station\u00e4re Hospize und ebenso viele Palliativstationen. Insgesamt vertritt der DHPV 100.000 Ehrenamtliche in der Hospizbewegung.<\/div><\/div><\/div>\n<div class=\"push \" style=\"height:30px\"><\/div>\n","protected":false},"excerpt":{"rendered":"","protected":false},"author":1,"featured_media":0,"parent":9640,"menu_order":0,"comment_status":"closed","ping_status":"closed","template":"","meta":{"footnotes":""},"class_list":["post-8024","page","type-page","status-publish","hentry"],"_links":{"self":[{"href":"https:\/\/www.hospizgruppe-donau-ries.de\/index.php?rest_route=\/wp\/v2\/pages\/8024","targetHints":{"allow":["GET"]}}],"collection":[{"href":"https:\/\/www.hospizgruppe-donau-ries.de\/index.php?rest_route=\/wp\/v2\/pages"}],"about":[{"href":"https:\/\/www.hospizgruppe-donau-ries.de\/index.php?rest_route=\/wp\/v2\/types\/page"}],"author":[{"embeddable":true,"href":"https:\/\/www.hospizgruppe-donau-ries.de\/index.php?rest_route=\/wp\/v2\/users\/1"}],"replies":[{"embeddable":true,"href":"https:\/\/www.hospizgruppe-donau-ries.de\/index.php?rest_route=%2Fwp%2Fv2%2Fcomments&post=8024"}],"version-history":[{"count":15,"href":"https:\/\/www.hospizgruppe-donau-ries.de\/index.php?rest_route=\/wp\/v2\/pages\/8024\/revisions"}],"predecessor-version":[{"id":11667,"href":"https:\/\/www.hospizgruppe-donau-ries.de\/index.php?rest_route=\/wp\/v2\/pages\/8024\/revisions\/11667"}],"up":[{"embeddable":true,"href":"https:\/\/www.hospizgruppe-donau-ries.de\/index.php?rest_route=\/wp\/v2\/pages\/9640"}],"wp:attachment":[{"href":"https:\/\/www.hospizgruppe-donau-ries.de\/index.php?rest_route=%2Fwp%2Fv2%2Fmedia&parent=8024"}],"curies":[{"name":"wp","href":"https:\/\/api.w.org\/{rel}","templated":true}]}}