{"id":10604,"date":"2015-05-29T10:20:54","date_gmt":"2015-05-29T08:20:54","guid":{"rendered":"http:\/\/hospiz.diemayrei.de\/?page_id=10604"},"modified":"2017-10-09T16:40:23","modified_gmt":"2017-10-09T14:40:23","slug":"ehrenamtliche","status":"publish","type":"page","link":"https:\/\/www.hospizgruppe-donau-ries.de\/?page_id=10604","title":{"rendered":"Ehrenamtliche"},"content":{"rendered":"<div class=\"limit-wrapper\"><div class=\"row \"><div class=\"wpv-grid grid-1-1  wpv-first-level first unextended no-extended-padding\" style=\"padding-top:0.05px;padding-bottom:0.05px;\" id=\"wpv-column-d51e50789e945bf8f2316e2f55a3e79b\" ><h2>Unsere Ehrenamtlichen sind qualifiziert geschult, einf\u00fchlsam und offen<\/h2><\/div><\/div><\/div>\n<div class=\"limit-wrapper\"><div class=\"row \"><div class=\"wpv-grid grid-1-1  wpv-first-level first unextended no-extended-padding\" style=\"padding-top:0.05px;padding-bottom:0.05px;\" id=\"wpv-column-cac75b5c00a5e678113006b2496b11ee\" ><p>Sie haben Zeit f\u00fcr Sie und sind in dieser besonderen Zeit Ihres Lebens kompetente AnsprechpartnerInnen.<\/p>\n<p>Sie bieten Unterst\u00fctzung nach Ihren W\u00fcnschen und Bed\u00fcrfnissen f\u00fcr Gespr\u00e4che, f\u00fcr\u2018s Da-Sein.<\/p>\n<p>Unsere <strong>HospizbegleiterInnen<\/strong> sind f\u00fcr ihre verantwortungsvolle T\u00e4tigkeit sorgf\u00e4ltig ausgew\u00e4hlt und ausgebildet. <a href=\"https:\/\/www.hospizgruppe-donau-ries.de\/?page_id=10248\" target=\"_self\">Information zur Hospizbegleiter-Ausbildung<\/a><\/p>\n<p>Jede\/r Einzelne wird in ihrer\/seiner Arbeit durch eine Koordinatorin unterst\u00fctzt. Sie ist Ansprechpartnerin und stellt Kontakte her. Unterst\u00fctzung erfahren die BegleiterInnen<\/p>\n<ul>\n<li>durch Teamgespr\u00e4che und Teamarbeit<\/li>\n<li>durch eine besondere fachliche Beratung ( Supervision)<\/li>\n<li>durch Fortbildungen<\/li>\n<\/ul>\n<p>Den Einsatz organisiert und koordiniert die Einsatzleitung. Diese f\u00fchrt bei Anfragen mit den Betroffenen ein Vorgespr\u00e4ch und w\u00e4hlt dann, den pers\u00f6nlichen Bed\u00fcrfnissen der\/des zu Begleitenden entsprechend, den\/die HospizbegleiterIn aus.<\/p>\n<p>Die Begleitung findet zuhause, im Altenpflegeheim und in Krankenh\u00e4usern statt.<\/p>\n<p>Kosten f\u00fcr die Besuche entstehen keine.<\/p>\n<p>Die notwendigen Auslagen und Fahrtkosten \u00fcbernimmt die Hospizgruppe. Wir verstehen uns als Erg\u00e4nzung bestehender Hilfen. Die HospizbegleiterInnen bringen Zeit f\u00fcr die menschliche Begegnung und Zuwendung mit.<\/p>\n<p>Ausgebildete <strong>TrauerbegleiterInnen <\/strong>unterst\u00fctzen Ihre Hinterbliebenen auch gerne in der schweren Zeit danach. Sie versuchen dem Unsagbaren Ausdruck zu verleihen. Wir bieten in Gruppen und Einzelgespr\u00e4chen die M\u00f6glichkeit, dass trauernde Menschen sich gegenseitig tr\u00f6stende Unterst\u00fctzung sein k\u00f6nnen.<\/div><\/div><\/div>\n","protected":false},"excerpt":{"rendered":"","protected":false},"author":1,"featured_media":0,"parent":7774,"menu_order":0,"comment_status":"open","ping_status":"open","template":"","meta":{"footnotes":""},"class_list":["post-10604","page","type-page","status-publish","hentry"],"_links":{"self":[{"href":"https:\/\/www.hospizgruppe-donau-ries.de\/index.php?rest_route=\/wp\/v2\/pages\/10604","targetHints":{"allow":["GET"]}}],"collection":[{"href":"https:\/\/www.hospizgruppe-donau-ries.de\/index.php?rest_route=\/wp\/v2\/pages"}],"about":[{"href":"https:\/\/www.hospizgruppe-donau-ries.de\/index.php?rest_route=\/wp\/v2\/types\/page"}],"author":[{"embeddable":true,"href":"https:\/\/www.hospizgruppe-donau-ries.de\/index.php?rest_route=\/wp\/v2\/users\/1"}],"replies":[{"embeddable":true,"href":"https:\/\/www.hospizgruppe-donau-ries.de\/index.php?rest_route=%2Fwp%2Fv2%2Fcomments&post=10604"}],"version-history":[{"count":10,"href":"https:\/\/www.hospizgruppe-donau-ries.de\/index.php?rest_route=\/wp\/v2\/pages\/10604\/revisions"}],"predecessor-version":[{"id":11708,"href":"https:\/\/www.hospizgruppe-donau-ries.de\/index.php?rest_route=\/wp\/v2\/pages\/10604\/revisions\/11708"}],"up":[{"embeddable":true,"href":"https:\/\/www.hospizgruppe-donau-ries.de\/index.php?rest_route=\/wp\/v2\/pages\/7774"}],"wp:attachment":[{"href":"https:\/\/www.hospizgruppe-donau-ries.de\/index.php?rest_route=%2Fwp%2Fv2%2Fmedia&parent=10604"}],"curies":[{"name":"wp","href":"https:\/\/api.w.org\/{rel}","templated":true}]}}