{"id":10283,"date":"2015-04-15T10:39:49","date_gmt":"2015-04-15T08:39:49","guid":{"rendered":"http:\/\/hospiz.diemayrei.de\/?page_id=10283"},"modified":"2016-06-23T15:32:19","modified_gmt":"2016-06-23T13:32:19","slug":"palliativstation","status":"publish","type":"page","link":"https:\/\/www.hospizgruppe-donau-ries.de\/?page_id=10283","title":{"rendered":"Palliative Beratung"},"content":{"rendered":"<div class=\"limit-wrapper\"><div class=\"row \"><div class=\"wpv-grid grid-1-1  wpv-first-level first unextended no-extended-padding\" style=\"padding-top:0.05px;padding-bottom:0.05px;\" id=\"wpv-column-c8d145c6d1bb46f63a7cbae91b8749e3\" ><h2>Palliative Beratung<\/h2><\/div><\/div><\/div>\n<div class=\"limit-wrapper\"><div class=\"row \"><div class=\"wpv-grid grid-1-1  wpv-first-level first unextended no-extended-padding\" style=\"padding-top:0.05px;padding-bottom:0.05px;\" id=\"wpv-column-c64a56361a2c805357ab5cf9f440451e\" ><p>Unsere KoordinatorInnen verf\u00fcgen \u00fcber spezielle Kenntnisse und Erfahrungen in palliativer, d. h. lindernder Versorgung. Schwerkranke und sterbende Menschen leiden unter vielf\u00e4ltigen Symptomen, die mit ihrer Erkrankung einhergehen. Diese k\u00f6nnen medizinisch oft gelindert werden, ohne die Grunderkrankung heilen zu k\u00f6nnen. Hier versuchen wir aufzukl\u00e4ren und angemessene \u00e4rztliche und pflegerische Hilfe zu vermitteln.<\/p>\n<p>Wir arbeiten eng mit den jeweiligen medizinischen und betreuenden Fachkr\u00e4ften zusammen.<\/div><\/div><\/div>\n","protected":false},"excerpt":{"rendered":"","protected":false},"author":1,"featured_media":0,"parent":10576,"menu_order":0,"comment_status":"closed","ping_status":"open","template":"","meta":{"footnotes":""},"class_list":["post-10283","page","type-page","status-publish","hentry"],"_links":{"self":[{"href":"https:\/\/www.hospizgruppe-donau-ries.de\/index.php?rest_route=\/wp\/v2\/pages\/10283","targetHints":{"allow":["GET"]}}],"collection":[{"href":"https:\/\/www.hospizgruppe-donau-ries.de\/index.php?rest_route=\/wp\/v2\/pages"}],"about":[{"href":"https:\/\/www.hospizgruppe-donau-ries.de\/index.php?rest_route=\/wp\/v2\/types\/page"}],"author":[{"embeddable":true,"href":"https:\/\/www.hospizgruppe-donau-ries.de\/index.php?rest_route=\/wp\/v2\/users\/1"}],"replies":[{"embeddable":true,"href":"https:\/\/www.hospizgruppe-donau-ries.de\/index.php?rest_route=%2Fwp%2Fv2%2Fcomments&post=10283"}],"version-history":[{"count":3,"href":"https:\/\/www.hospizgruppe-donau-ries.de\/index.php?rest_route=\/wp\/v2\/pages\/10283\/revisions"}],"predecessor-version":[{"id":10561,"href":"https:\/\/www.hospizgruppe-donau-ries.de\/index.php?rest_route=\/wp\/v2\/pages\/10283\/revisions\/10561"}],"up":[{"embeddable":true,"href":"https:\/\/www.hospizgruppe-donau-ries.de\/index.php?rest_route=\/wp\/v2\/pages\/10576"}],"wp:attachment":[{"href":"https:\/\/www.hospizgruppe-donau-ries.de\/index.php?rest_route=%2Fwp%2Fv2%2Fmedia&parent=10283"}],"curies":[{"name":"wp","href":"https:\/\/api.w.org\/{rel}","templated":true}]}}